 is the units digit of m/3 - (-8)/2?
6
Let b(t) be the first derivative of t**4/4 + 2*t**3 + 5*t**2/2 + 2*t - 2. What is the units digit of b(-4)?
4
Suppose 5*z - 74 = -2*a + 289, -2*a = 2*z - 150. What is the units digit of z?
1
Let r(f) = -f**3 + 11*f**2 + 8*f + 6. What is the tens digit of r(11)?
9
Let k be 3/12 - 14/(-8). Let r be 5*(k + 2/(-5)). Let t = -3 + r. What is the units digit of t?
5
Suppose -4*v + v + 21 = 0. Let b(a) = a**3 - 7*a**2 + 3*a - 9. Let f be b(v). Let i = -8 + f. What is the units digit of i?
4
Let r = -47 + 66. What is the tens digit of r?
1
Suppose -4*t - 2*a + 3*a + 21 = 0, -3*t = -3*a - 9. Let r = t + 16. What is the tens digit of r?
2
Let k be -1 + 2 + -1 - 0. Suppose k = 5*b - b - 144. What is the units digit of b?
6
Let f = -4 + 6. Let v be (3/2)/(1/f). Suppose -3*t - v*d + d - 2 = 0, t - 2*d - 10 = 0. What is the units digit of t?
2
What is the tens digit of (2 - 6)*(-1112)/16?
7
Let d be -4*(-2)/(-4) - -5. Let j(l) = -d*l + l + 7 + l. What is the units digit of j(6)?
1
Let b(y) = y**3 + 8*y**2. Let f be b(-8). Let t be -1 + f - 6/2. What is the units digit of (-15)/6*(t - 0)?
0
Let k(i) = -i**2 + 8*i - 2. Let h be k(6). What is the units digit of (7/5)/(2/h)?
7
Let a(f) = f**2 + 0*f**2 + 3*f + 5*f**2 - 2*f - f**3 - 1. What is the units digit of a(6)?
5
Let l(p) = p**2 + 7*p + 7. Let i be l(-5). Let a = 7 + i. Suppose u + 4*t + 4 = -2*u, -a*t = u + 12. What is the units digit of u?
4
Let x(a) = a + 9. What is the units digit of x(-7)?
2
Let y(w) = w**3 + 6*w**2 + 4*w + 3. Suppose -3*m = 4*g + 8, -3*m + 9 = -3*g - 18. Let j be m/14 + 96/(-42). What is the tens digit of y(j)?
1
Let w = 83 + -53. Suppose -w = -d - 4*d. What is the units digit of d?
6
Let v(u) = -u - 1. Let d be v(-6). Suppose 5*p + 14 = 7*p. Suppose 13 = d*n - p. What is the units digit of n?
4
Let f(t) = 5*t - 1. Let w be (-15)/(-3) - (2 + 0). Let k be f(w). Let s = 24 - k. What is the tens digit of s?
1
Suppose 3*p - 31 = -2*n + 11, -5*n + p + 122 = 0. Suppose 0 = 2*i - 8. Suppose 2*g - i*g = -n. What is the tens digit of g?
1
Let s = 6 - 4. Suppose g - 20 = -4*b, s*g = b + b - 10. Let h(v) = -v**3 - v + 10. What is the units digit of h(g)?
0
Let j(s) = -s. Let q(w) = -w**2 - 2*w - 4. Let k(r) = 6*j(r) - q(r). Let m(y) = y + 5. Let l be m(0). What is the units digit of k(l)?
9
What is the tens digit of (-4)/14 - (-1488)/112?
1
Let t = 7 + -1. Suppose 2*h - 80 = -t. What is the tens digit of h?
3
Let c = -37 - -66. What is the tens digit of c?
2
Suppose 5*z - 5*f = -25, -4*f + 11 - 3 = 0. Let i = -3 - z. Suppose 2*n - n - 6 = i. What is the units digit of n?
6
Suppose -373 = -3*r - 0*r - f, -2*r + f = -247. What is the hundreds digit of r?
1
Let d(s) = 220*s**2 + s. What is the tens digit of d(-1)?
1
Suppose -5*d - 5 = -4*t - 10*d, 4*t - 4*d = -4. Suppose 6*k - 10*k + 76 = t. What is the tens digit of k?
1
Suppose 3*t - 539 = -4*y, 2*t - 2*y + 7*y = 357. What is the units digit of t?
1
Suppose 3*d - 2 - 1 = 0. Let x = 6 - d. What is the units digit of x?
5
Suppose -n + 17 = -4*x, -4*n - x = -n + 1. Suppose 0 = l - 3*l + 2*h + 10, -n = -5*l - h. What is the units digit of 2*l*(-2)/(-4)?
1
Let y(p) = p**2 + p - 23. Let m be y(0). Let s = -13 - m. What is the units digit of s?
0
Let b(d) = -d + 14. Let y be b(8). Suppose -y*s + 1 = -125. What is the units digit of s?
1
Suppose -b = 2*j + 12 - 63, 4*b = -5*j + 189. What is the units digit of b?
1
Let g(u) = u**3 + u**2 - u + 5. Let t be g(0). Suppose 100 = t*c + 5*v, 2 = c - v - 20. What is the tens digit of c?
2
Suppose 371 = 2*a - 3*c, -3*a = -0*a + 3*c - 534. What is the hundreds digit of a?
1
Let y be 4 + -4 + 2 + 60. Let v = y - 38. What is the tens digit of v?
2
What is the units digit of 0 + 3 - 348/((-9)/3)?
9
Let t be 16/(-6)*(-3 - 0). Suppose 5*g - 2 = 3*v - t, 2*g = -4*v + 8. What is the units digit of v?
2
Let p(d) = -d + 5. Suppose -3*k + 9 = -3. Let m be p(k). Suppose 0 = 3*x - 2 - m. What is the units digit of x?
1
Let w = 411 - 288. What is the units digit of w?
3
Let k(z) = z**2 - 9*z - 3. Let s be k(11). Let o = s + -8. What is the tens digit of o?
1
Let y(z) = -z**2 + 3*z + 5. Let s be 6*(1 + 1/(-3)). Let l be y(s). What is the units digit of -3*l/(-9)*27?
9
Let x be (-15)/(-3)*372/30. Let a = 99 - x. What is the tens digit of a?
3
Suppose 0*k + 4*a = 2*k - 18, 0 = -4*k - 3*a + 14. Let x = 13 + k. What is the tens digit of x?
1
Suppose -2*t - 16*r = -11*r - 349, -4*r = 3*t - 527. What is the tens digit of t?
7
Let b(a) = -a**3 - 4*a**2 + 3*a - 7. Let p be (-21)/4 - (-2)/8. Let r be b(p). Suppose 2*f + 10 = -3*m, r*f + m - 15 = 4*m. What is the units digit of f?
1
Suppose f = -f + 4. Suppose -f = 2*l - 6. What is the units digit of l/(6/21) + -1?
6
Suppose 5*q - 5*l = 5, -l = -q - 3*l - 11. Let t = 20 + q. What is the units digit of t?
7
Let g(h) = -h**3 - 24*h**2 + 17. What is the units digit of g(-24)?
7
What is the tens digit of (52/6)/((-32)/(-48))?
1
Let o = 14 + -11. What is the units digit of o?
3
Let l(m) = 2*m**2 - m + 3*m - m + 1. Let w be l(-1). What is the units digit of (4/w)/(4/2)?
1
Let q = 611 - 370. What is the tens digit of q?
4
Suppose -6*q = -4*q - 514. What is the units digit of q?
7
Let n(a) = a**3 + 14*a**2 - 8*a + 11. What is the hundreds digit of n(-14)?
1
Suppose 2*l + 2 = -f + 13, -5*l + 2*f = -14. Suppose 0 = 3*w + w - l. What is the units digit of w?
1
Let k = 11 - 16. Let p(x) be the second derivative of -x**5/20 - x**4/3 + x**3/3 - 7*x**2/2 + x. What is the units digit of p(k)?
8
Let c = -50 + 126. What is the units digit of c?
6
What is the units digit of ((-114)/(-5 + 2))/((-4)/(-26))?
7
Suppose 4*o - o - 7 = d, -4*o = -5*d - 13. Let k be d + 0 - (3 - 4). Suppose -7*s + 3*s + 4 = k. What is the units digit of s?
1
What is the units digit of (-350)/(-6) - (-14)/(-42)?
8
Let z be (4/(-2))/((-2)/7). Let p be (1/(-2))/(1/(-10)). Let b = z - p. What is the units digit of b?
2
Let z = 4 - 5. Let y = z - -2. Suppose 0 = c, 3*c + y = s - 2. What is the units digit of s?
3
Suppose 5*k + 3*w = 2*w + 404, -402 = -5*k - 3*w. What is the units digit of k?
1
Let v be 15/25 - (-37)/5. Suppose -40 = -4*j + v. What is the units digit of j?
2
Suppose -2*o + v + 18 = -3*v, 4*o + 3*v - 3 = 0. Let g = o + -3. Suppose -2*u + g = -26. What is the tens digit of u?
1
Suppose -f - k = 3*k - 7, -14 = f - 3*k. Let u = f - -7. Suppose -4 + 2 = -z + u*b, -4*z + 13 = -3*b. What is the units digit of z?
4
Let w(r) = -r**2 - 4*r + 6. Let h(d) = 3*d**2 + 13*d - 18. Let b(k) = -4*h(k) - 11*w(k). What is the tens digit of b(-7)?
1
Let c(r) = -2*r**2 - 13*r - 9. What is the units digit of c(-5)?
6
Suppose -4*f + 46 = -6. Suppose 3*u - 2*h - 3 = -3*h, -u - 5*h = f. What is the units digit of (-1 + 2)/(-1 + u)?
1
Let q be 10/(1/2*4). Suppose -q*p + 96 = 16. What is the units digit of p?
6
Suppose 0 = 4*x - 5*u - 20, 0*x = 4*x + 4*u + 16. Let l = 15 + x. What is the tens digit of l?
1
Let t = 12 + 19. What is the tens digit of t?
3
Suppose 120 = 5*v - 40. Suppose -c + v = c. What is the units digit of c?
6
Let f = 23 - 0. What is the tens digit of f?
2
Let c be (-11)/3 + 4/6. Let w = c + 7. What is the units digit of w?
4
Suppose -b = 2*l - 14, -l - 2*l = 5*b - 35. Suppose -8 - 97 = -l*y. Let u = -8 + y. What is the units digit of u?
3
Let z = 229 - 143. What is the tens digit of z?
8
Let f be (1 + -8)/((-2)/6). Suppose 0*w + 5*n = -2*w + 27, w - f = -5*n. What is the units digit of w?
6
Let t be 2*(1/2)/(-1). Let n be (t + (-29)/(-5))*5. Suppose 5*z + 3*a - a = 21, -4*a = 4*z - n. What is the units digit of z?
3
What is the units digit of 455/5 + -2 + 1?
0
What is the units digit of (-108)/(-14) + (-10)/(-35)?
8
Suppose -u = -4*f - f + 18, -5*f = -3*u - 4. Let i = u + 5. What is the units digit of i?
2
Let s = -34 - -24. Let d = -8 - s. Suppose 0 = -d*r + 33 + 11. What is the units digit of r?
2
Let u(z) = z**3 + z**2 + 25. Let r be u(0). What is the units digit of (-32)/(-40)*(r + 0)?
0
Let i = 443 - 233. What is the hundreds digit of i?
2
Let g = -11 - -26. What is the units digit of g?
5
Let d be 5*(-1)/(5/2). Let c be -1 - -17*(d - -1). What is the units digit of (1/(-2))/(3/c)?
3
Suppose -a + 31 = -5*b - 2, -5*a + 300 = 2*b. What is the units digit of a?
8
What is the units di